c(-6). Suppose -4*m + 5*u = -52, -3*m + r = -u - 15. Let p = -12 + m. Give k(p).
-15
Let t(k) = 5*k**2 - 8*k + 8. Let m be (-8085)/(-1925) - 6/5. What is t(m)?
29
Let b(l) = l**3 - 2*l + 43*l**2 - 41*l**2 - 3*l**3 + 1 + 0*l**3. Let i be (-1)/(-3 - (-25)/10). Determine b(i).
-11
Let a(r) = -r**2 - 2. Let w be -1 + (-41)/(-3) + (-8)/12. Let x(o) = -o**2 + 11*o + 40. Let i be x(w). Let q = -28 + i. Calculate a(q).
-2
Let v(a) = 92*a**2 + 308*a + 28. Let i(j) = -17*j**2 - 55*j - 5. Let f(h) = 28*i(h) + 5*v(h). Give f(-2).
-64
Let m(o) be the first derivative of o**4/4 + 19*o**3/3 - 10*o**2 - 28*o + 4698. Give m(-20).
-28
Let a(d) = d**3 - 12*d**2 - d + 8. Suppose -2*y + 88 = -290. Let s = y - 177. Determine a(s).
-4
Let r be ((-27)/6 - -4)*2. Let p be (-1)/(-1)*r/(-1). Let k(v) = v + 14*v**2 + v**2 - p + v - 5*v**2. Determine k(1).
11
Let y(g) be the third derivative of 94*g**2 - 1/3*g**3 + 1/60*g**5 + 0 + 0*g - 1/24*g**4. Calculate y(0).
-2
Let z(c) = -c**3 + 7*c**2 - 122*c + 873. Let g be z(7). Let i(y) = y**3 - 20*y**2 + 27*y - 154. Give i(g).
-2
Let q(c) = -c**3 - 5*c**2 - 11*c - 22. Let g be q(-3). Let z be -5*(-8)/(-40)*g. Let m(f) = f**3 - 8*f**2 + 8*f + 5. What is m(z)?
12
Let m(h) = -21*h - 110*h + 140*h - 162 - 16*h. Determine m(-24).
6
Suppose -114*n + 240 = -34*n. Suppose t = 3*a - t + 2, 2*a - 5 = -5*t. Let c(i) = -2 + a + 3*i**2 - i**3 + 36*i - 32*i. Give c(n).
10
Let n(q) be the second derivative of -q - 5/6*q**3 - 1/3*q**4 - 2*q**2 - 133 - 1/20*q**5. What is n(-4)?
16
Suppose 25 = 14*w - 3. Suppose g - 2*z + 4 = -2, 2*g - w*z = -16. Let d(a) = -a. What is d(g)?
10
Let j = -6 + 8. Suppose -37 = -2*n - 5*c, 5*n - 25 = -j*c + 3*c. Let o(z) = z - 2. Let l(q) = 6*q - 10. Let i(u) = l(u) - 5*o(u). Calculate i(n).
6
Let m be (-195)/(-52) - (2 - 18/8). Let i(n) = 7*n**2 + 4*n + 1 - 8*n - 8*n**2 - m*n. What is i(-9)?
-8
Let r(k) = k**3 + 2*k**2 - 4*k. Suppose 0 = -17*s + 27*s - 50. Suppose -s*d = -10 - 15. Suppose 4*m + 20 = -y - 3*y, m + d*y = -9. Calculate r(m).
-16
Let z(p) = -3*p**2 + 6*p + 32. Let b be 1254/171 - (-14)/(-6). Calculate z(b).
-13
Let g(k) = -5*k**2 + 1 - 19 - 6*k**2 - 2*k - 14*k. Let z(o) = 5*o**2 + 8*o + 9. Let s(n) = -4*g(n) - 9*z(n). Determine s(-7).
-2
Let i(k) be the first derivative of 5*k**4/4 - 2*k**3/3 - 5*k**2/2 - 3*k - 8942. Determine i(-1).
-5
Let o = 141 - 140. Let y(d) = -o - d - 2*d + d + 15. Give y(6).
2
Let x(p) = -p**3 - 12*p**2 - 12*p - 12. Let g be ((-2)/(-1) + 1)*5. Suppose -g*z + 3*z - 132 = 0. Give x(z).
-1
Let u(a) be the third derivative of -2*a**4/3 + a**3/3 + 2245*a**2. Give u(-3).
50
Let o(c) = 5*c - 30. Suppose -32*z = -2*f - 27*z + 10, 0 = 3*z - 12. Give o(f).
45
Suppose 224*k = 201*k + 115. Let v(b) = -5*b + 6. Give v(k).
-19
Suppose 18 = -d + 3*n, -1043*n - 114 = 4*d - 1041*n. Let g(q) = -q**2 - 28*q - 32. Calculate g(d).
-5
Let q be ((-3)/(30/(-8)))/((-8)/(-420)). Suppose -27*g = -20*g + q. Let j(z) be the first derivative of -3*z**2/2 - 6*z + 6. Give j(g).
12
Let s(w) = -3 + 1 - w**3 + 3*w + 0*w + 2*w**2. Suppose -3*t - 172 = 5*g + 75, 2*t = 5*g - 198. Let i = t + 92. Calculate s(i).
-2
Let d(y) = 171*y + 501. Let g be d(-3). Let o(p) = p + 9. What is o(g)?
-3
Suppose -6 = -2*i - 7*i + 30. Let h(d) be the second derivative of -1/6*d**3 + 0*d**2 - 1/20*d**5 + 12*d + 1/3*d**i + 0. Give h(4).
-4
Let b(m) = 665*m - 3323. Let o be b(5). Let a(r) = -6*r - 13. Determine a(o).
-25
Let f(k) be the second derivative of 0 - 1/3*k**3 - k**2 + 99*k. Calculate f(-2).
2
Let u(o) = o**3 - 9*o**2 - 12*o + 23. Let h be u(10). Suppose -h*f = 3*f + 2*f. Let z(t) = f*t + 6 - 9*t + 10*t. Determine z(-7).
-1
Let t(g) be the first derivative of -g**3/3 - 10*g**2 - 13*g - 1510. Give t(-18).
23
Let j(k) = -31*k**3 + 5*k**2 + 7*k + 2. Suppose -3568 = 9*l - 3559. Calculate j(l).
31
Let w = 24 - 17. Suppose 0 = 3*u + 7 - 25. Let k(x) = -5*x**2 - 13*x - 12. Let v(p) = 11*p**2 + 27*p + 25. Let n(s) = u*v(s) + 13*k(s). What is n(w)?
-6
Suppose 68*f + 0 = -340. Let x(b) = 31*b + 157. Determine x(f).
2
Suppose -3*k + 7 = -5. Suppose k*y = 3*u - 0*u + 21, -3*y - u + 19 = 0. Let a(t) = t - 9 + y + 3*t**2 - 3*t - t. Calculate a(-2).
15
Let w(n) = 10*n**2 - 9*n - 16. Let v(s) = -22*s**2 + 20*s + 34. Let a(o) = -4*v(o) - 9*w(o). Calculate a(7).
-83
Let f(u) = -2*u**2 - 1. Let v be f(-1). Let x be 7 + (v - 1) + (-19 - -20). Let r(z) = z**2 - 7*z + 6. What is r(x)?
-6
Let t(j) = 3*j + 3. Let c(n) = -27*n + 2. Let u be c(2). Let x = 45 + u. Let p be (-2)/(-4) + x/2. What is t(p)?
-6
Suppose -37 + 247 = 14*y. Let m = y - 19. Let l(w) be the second derivative of -w**5/20 - w**4/3 - w**3/2 + 3*w**2/2 + w. Give l(m).
15
Suppose 11*p - 595 = 3607. Let m = p - 376. Let l(h) = -h + 4. Give l(m).
-2
Let a(x) = -4*x - 2. Let r(j) = -8*j - 4. Let v(l) = 5*a(l) - 2*r(l). Suppose 52*g - 49*g - 21 = 0. Calculate v(g).
-30
Let t(u) be the first derivative of -u**3/2 - 31*u + 13. Let s(q) be the first derivative of t(q). Give s(-11).
33
Let r(b) = 320*b - 6 + 254*b - 575*b. Let h = -9 - -14. Give r(h).
-11
Let v(n) = -78*n + 373. Let r be v(16). Let g = r + 880. Let j(h) = h - 11. What is j(g)?
-6
Let s(o) = 6*o - 1. Let x be (13 - 19) + (2 - 1). Let m(v) = 13*v - 4. Let b(t) = x*s(t) + 2*m(t). Determine b(-6).
21
Suppose 0 = 13*i + 2306 - 2163. Let o(m) = -m**3 - 11*m**2 + 2*m - 6. Determine o(i).
-28
Let f(h) be the third derivative of 2/3*h**3 - 7*h**2 + 1/120*h**6 - 5/12*h**4 + 3/20*h**5 + 0*h + 2. What is f(-10)?
4
Suppose 4*b = 9*w - 11*w + 32, 0 = 3*w + 3*b - 45. Let t(u) = -u**2 + 16*u - 8. Give t(w).
20
Let m = 3857 + -3866. Let c(o) = 5*o + 1. Calculate c(m).
-44
Let g(i) = i**2 - i - 52. Let w = 1908 + -1908. What is g(w)?
-52
Let p(n) = 23*n + 72. Let b(i) = 7*i + 27. Let f(l) = 19*b(l) - 6*p(l). What is f(17)?
-4
Let k(a) = -196506*a + a**2 + 98249*a + 98250*a + 8. Suppose 0 = 5*x - 23 - 12. What is k(x)?
8
Suppose -17 = 4*i - 45. Let n(w) = 15958 + 3*w - 15957 + 3*w - w**2. Calculate n(i).
-6
Let k(x) be the third derivative of -x**6/120 + 7*x**5/60 + x**4/6 - 20*x**3/3 + 4*x**2 - 442*x. Determine k(7).
-12
Let w(h) = 2*h**2 + 6*h. Let n be w(-2). Let i(q) = 3*q + 23. Give i(n).
11
Let l(s) = -3*s**3 + s + 10. Let m(k) = -28*k**3 + 3*k**2 + 10*k + 89. Let y(j) = 19*l(j) - 2*m(j). Determine y(-6).
18
Let p(z) = z + 24. Suppose -25 = -12*a + 15*a - 2*h, -h = a + 10. What is p(a)?
15
Let u(b) be the first derivative of -4*b**3/3 - 9*b**2/2 - 9*b - 2005. Calculate u(-2).
-7
Suppose 82*m = -372 - 38. Let i(c) = -c**3 - 5*c**2 - 6*c - 4. Give i(m).
26
Let w(b) = -10*b + 149. Let p(u) = -4*u + 62. Let f(l) = -9*p(l) + 4*w(l). Calculate f(16).
-26
Let l = -15 - -10. Let k(h) = -11 + 1197*h**2 + 27 - 1198*h**2 + 1. Let q be k(l). Let z(i) = i**2 + 10*i - 5. Give z(q).
-21
Let p(o) = -8*o**3 - 6*o**2 - 4*o + 3. Let s be p(-1). Let b(g) be the first derivative of 1/2*g**2 - 6*g + 2. Calculate b(s).
3
Let u(p) = -p**2 - 5*p - 3. Let z be u(-4). Let f(o) be the third derivative of -o**6/120 + o**5/60 - o**3/6 + 17681*o**2. What is f(z)?
-1
Suppose 0 = 23*g + 81*g + 208. Let s(i) = -i - 1. Let z be s(-3). Let y(t) = -t + 2 - 4 + 1 + t**z. Calculate y(g).
5
Let t(o) be the first derivative of -o**3/3 + 8*o**2 - 80*o - 28. What is t(7)?
-17
Let r(j) = 8*j**3 + 3*j**2 + 4*j + 4. Let s be (0 - -3)*(40/(-84) + 1/7). Give r(s).
-5
Let u = 1734 - 1726. Let p(f) = 16*f - 120. Give p(u).
8
Let a be 28/8 - -1*1/2. Let d(f) = f**3 - 4*f**2 + 4*f - 2. Let z be d(a). Suppose -4*v + 4 = -5*b - z, -5*b - 25 = -5*v. Let s(m) = -m + 3. Give s(v).
-4
Let z(q) be the third derivative of 5*q**4/24 + 34*q**3/3 - 296*q**2 + 1. What is z(-16)?
-12
Suppose 0 = s - 5*m - 6, 2*s - 18 = 5*m - 1. Let b(h) = -7*h**2 + 1 - s*h + 10*h + 6*h**2 + 20*h**3. What is b(1)?
19
Let a(c) = -c**2 - 4*c + 3. Suppose -2*l - 408 = 5*j, 3*l + 0*l = 5*j + 413. Let g = j - -76. Give a(g).
-9
Let t(f) = -f + 2. Let u(c) = -3*c**2 - 49*c + 8. Let r be u(-21). Let a = r - -282. Give t(a).
6
Let o(f) be the second derivative of 5*f**3/6 - 31*f**2/2 - 3254*f. Calculate o(3).
-16
Suppose 4*n = -0 + 8, -2*c - 5*n + 8 = 0. Let w(f) = -16*f + 14*f**2 + 9*f - 1 + 6*f. Calculate w(c).
14
Let y = -413 + 413. Let h(l) = y - 3 + 0*l + 1 - 1 - l. Give h(-3).
0
Let z(u) = 8. Let o(i) = -i - 7. Let a